{"id":921,"date":"2026-03-12T13:31:17","date_gmt":"2026-03-12T12:31:17","guid":{"rendered":"https:\/\/website.fnmns.dev.streamlor.io\/?page_id=921"},"modified":"2026-03-25T09:32:53","modified_gmt":"2026-03-25T08:32:53","slug":"historique","status":"publish","type":"page","link":"https:\/\/website.fnmns.dev.streamlor.io\/index.php\/la-federation\/historique\/","title":{"rendered":"Historique"},"content":{"rendered":"\t\t<div data-elementor-type=\"wp-page\" data-elementor-id=\"921\" class=\"elementor elementor-921\" data-elementor-post-type=\"page\">\n\t\t\t\t\t\t<section class=\"elementor-section elementor-top-section elementor-element elementor-element-2cc4c0ad elementor-section-boxed elementor-section-height-default elementor-section-height-default\" data-id=\"2cc4c0ad\" data-element_type=\"section\" data-e-type=\"section\">\n\t\t\t\t\t\t<div class=\"elementor-container elementor-column-gap-wider\">\n\t\t\t\t\t<div class=\"elementor-column elementor-col-100 elementor-top-column elementor-element elementor-element-6d1c3d06\" data-id=\"6d1c3d06\" data-element_type=\"column\" data-e-type=\"column\">\n\t\t\t<div class=\"elementor-widget-wrap elementor-element-populated\">\n\t\t\t\t\t\t<div class=\"elementor-element elementor-element-4ae943dc elementor-widget elementor-widget-heading\" data-id=\"4ae943dc\" data-element_type=\"widget\" data-e-type=\"widget\" data-widget_type=\"heading.default\">\n\t\t\t\t\t<h1 class=\"elementor-heading-title elementor-size-default\">La F\u00e9d\u00e9ration - Historique<\/h1>\t\t\t\t<\/div>\n\t\t\t\t<div class=\"elementor-element elementor-element-0321d50 elementor-widget-divider--view-line elementor-widget elementor-widget-divider\" data-id=\"0321d50\" data-element_type=\"widget\" data-e-type=\"widget\" data-widget_type=\"divider.default\">\n\t\t\t\t\t\t\t<div class=\"elementor-divider\">\n\t\t\t<span class=\"elementor-divider-separator\">\n\t\t\t\t\t\t<\/span>\n\t\t<\/div>\n\t\t\t\t\t\t<\/div>\n\t\t\t\t\t<\/div>\n\t\t<\/div>\n\t\t\t\t\t<\/div>\n\t\t<\/section>\n\t\t<div class=\"elementor-element elementor-element-e56a653 e-flex e-con-boxed e-con e-parent\" data-id=\"e56a653\" data-element_type=\"container\" data-e-type=\"container\">\n\t\t\t\t\t<div class=\"e-con-inner\">\n\t\t\t\t<div class=\"elementor-element elementor-element-2fd78f9d elementor-widget elementor-widget-text-editor\" data-id=\"2fd78f9d\" data-element_type=\"widget\" data-e-type=\"widget\" data-widget_type=\"text-editor.default\">\n\t\t\t\t\t\t\t\t\t<div><p>La diffusion de la natation \u00e0 travers ces divers champs fut propice \u00e0 la cr\u00e9ation et l\u2019organisation de la profession de Ma\u00eetre Nageur Sauveteur.<\/p><p>Les ann\u00e9es 1900 \u00e0 1920 permirent dans un premier temps \u00e0 cette profession de jouer un r\u00f4le essentiel dans le domaine du sauvetage et de la surveillance des baignades et piscines en partie sous l\u2019impulsion de la F\u00e9d\u00e9ration Nationale de Sauvetage.<\/p><\/div><p>C\u2019est vers 1923, qu\u2019apparaissent les premiers professeurs de natation dipl\u00f4m\u00e9s par la F\u00e9d\u00e9ration Fran\u00e7aise de Natation et Sauvetage, et pendant quelques ann\u00e9es, les deux f\u00e9d\u00e9rations feront chacune la promotion de leurs dipl\u00f4mes d\u2019enseignants de la natation jusqu\u2019\u00e0 ce que les professionnels se structurent eux m\u00eames au sein de l\u2019 Association des Professeurs de Natation de France.<\/p>\t\t\t\t\t\t\t\t<\/div>\n\t\t\t\t<div class=\"elementor-element elementor-element-31f42263 elementor-widget elementor-widget-image\" data-id=\"31f42263\" data-element_type=\"widget\" data-e-type=\"widget\" data-widget_type=\"image.default\">\n\t\t\t\t\t\t\t\t\t\t\t\t\t\t\t<img fetchpriority=\"high\" decoding=\"async\" width=\"500\" height=\"165\" src=\"https:\/\/website.fnmns.dev.streamlor.io\/wp-content\/uploads\/2026\/03\/presentation-1.jpeg\" class=\"attachment-large size-large wp-image-1229\" alt=\"\" srcset=\"https:\/\/website.fnmns.dev.streamlor.io\/wp-content\/uploads\/2026\/03\/presentation-1.jpeg 500w, https:\/\/website.fnmns.dev.streamlor.io\/wp-content\/uploads\/2026\/03\/presentation-1-300x99.jpeg 300w\" sizes=\"(max-width: 500px) 100vw, 500px\" \/>\t\t\t\t\t\t\t\t\t\t\t\t\t\t\t<\/div>\n\t\t\t\t\t<\/div>\n\t\t\t\t<\/div>\n\t\t<div class=\"elementor-element elementor-element-5041061 e-flex e-con-boxed e-con e-parent\" data-id=\"5041061\" data-element_type=\"container\" data-e-type=\"container\">\n\t\t\t\t\t<div class=\"e-con-inner\">\n\t\t\t\t<div class=\"elementor-element elementor-element-526e6f7a elementor-widget elementor-widget-heading\" data-id=\"526e6f7a\" data-element_type=\"widget\" data-e-type=\"widget\" data-widget_type=\"heading.default\">\n\t\t\t\t\t<h3 class=\"elementor-heading-title elementor-size-default\">Les premiers brevets de ma\u00eetre nageur<\/h3>\t\t\t\t<\/div>\n\t\t\t\t<div class=\"elementor-element elementor-element-b4682b6 elementor-widget elementor-widget-text-editor\" data-id=\"b4682b6\" data-element_type=\"widget\" data-e-type=\"widget\" data-widget_type=\"text-editor.default\">\n\t\t\t\t\t\t\t\t\t<p>D\u00e8s 1902, la FNS d\u00e9livrait d\u00e9j\u00e0 des brevets de Ma\u00eetre de Natation, de Canotier Sauveteur. En 1906, ann\u00e9e appara\u00eet officiellement le brevet de Ma\u00eetre Nageur Marinier que l&rsquo;on pouvait obtenir apr\u00e8s un examen pratique oral et \u00e9crit.<\/p><p>En 1911, elle faisait m\u00eame fonctionner un cours sup\u00e9rieur dont les examens de sortie comprenaient des \u00e9preuves pratiques, un interrogatoire et un \u00e9crit. Elle chercha \u00e0 faire reconna\u00eetre cette formation et \u00e0 d\u00e9livrer un dipl\u00f4me de professeur dipl\u00f4m\u00e9 apr\u00e8s un stage dans une \u00e9cole. Ces dipl\u00f4m\u00e9s devaient \u00eatre non seulement reconnus comme \u00ab\u00a0d&rsquo;habiles praticiens, mais encore par leur science d&rsquo;enseignants\u00a0\u00bb. Cette formation devait \u00eatre plac\u00e9e sous le contr\u00f4le du gouvernement, mais il n&rsquo;en sera rien fait&#8230;<\/p><p>En 1923, la toute nouvelle FFNS cr\u00e9e un brevet de Surveillant de Bassin et un Brevet de Professeur de Natation \u00e0 la demande des Services Municipaux de la Ville de Paris.<\/p><p>Ces examens se d\u00e9roulaient en \u00ab\u00a0eau ouverte\u00a0\u00bb devant un jury compos\u00e9 de trois membres de la FFNS Ces brevets furent officialis\u00e9s par les services fluviaux de la ville de Paris qui d\u00e9l\u00e9guaient \u00e9galement \u00e0 cet effet deux membres du jury lors des sessions d\u2019examen.<\/p><p>Les conditions \u00e9taient : avoir 18 ans , \u00eatre de nationalit\u00e9 Fran\u00e7aise ou naturalis\u00e9, produire un extrait de casier judiciaire r\u00e9cent. Cet examen \u00e9tait aussi ouvert aux dames. La tenue pour passer les \u00e9preuves comprenait : espadrilles, pantalon de toile, maillot, jupe.<\/p>\t\t\t\t\t\t\t\t<\/div>\n\t\t\t\t\t<\/div>\n\t\t\t\t<\/div>\n\t\t<div class=\"elementor-element elementor-element-044db52 e-flex e-con-boxed e-con e-parent\" data-id=\"044db52\" data-element_type=\"container\" data-e-type=\"container\">\n\t\t\t\t\t<div class=\"e-con-inner\">\n\t\t\t\t<div class=\"elementor-element elementor-element-527987d elementor-widget elementor-widget-heading\" data-id=\"527987d\" data-element_type=\"widget\" data-e-type=\"widget\" data-widget_type=\"heading.default\">\n\t\t\t\t\t<h3 class=\"elementor-heading-title elementor-size-default\">Le brevet de surveillant de bassin (1er degr\u00e9)<\/h3>\t\t\t\t<\/div>\n\t\t\t\t<div class=\"elementor-element elementor-element-2795e11 elementor-widget elementor-widget-text-editor\" data-id=\"2795e11\" data-element_type=\"widget\" data-e-type=\"widget\" data-widget_type=\"text-editor.default\">\n\t\t\t\t\t\t\t\t\t<p>\u00c9preuves pratiques : Effectuer un plongeon de 5 m\u00e8tres, parcourir 25m sous l&rsquo;eau, faire une immersion de 40&Prime;, et rechercher un mannequin de sauvetage pour le ramener \u00e0 un endroit d\u00e9sign\u00e9 suivant les lois du sauvetage<\/p><ul><li>\u00c9preuves orales : Explications sur les soins \u00e0 donner aux noy\u00e9s.<\/li><li>Commenter les moyens de d\u00e9fense contre les noy\u00e9s.<\/li><li>Connaissance sur les maladies contagieuses de la peau et du sang.<\/li><\/ul>\t\t\t\t\t\t\t\t<\/div>\n\t\t\t\t\t<\/div>\n\t\t\t\t<\/div>\n\t\t<div class=\"elementor-element elementor-element-ef889d5 e-flex e-con-boxed e-con e-parent\" data-id=\"ef889d5\" data-element_type=\"container\" data-e-type=\"container\">\n\t\t\t\t\t<div class=\"e-con-inner\">\n\t\t\t\t<div class=\"elementor-element elementor-element-1d5b260 elementor-widget elementor-widget-heading\" data-id=\"1d5b260\" data-element_type=\"widget\" data-e-type=\"widget\" data-widget_type=\"heading.default\">\n\t\t\t\t\t<h3 class=\"elementor-heading-title elementor-size-default\">Le brevet de ma\u00eetre nageur ou professeur de natation (2\u00e8me degr\u00e9)<\/h3>\t\t\t\t<\/div>\n\t\t\t\t<div class=\"elementor-element elementor-element-d99d5f1 elementor-widget elementor-widget-text-editor\" data-id=\"d99d5f1\" data-element_type=\"widget\" data-e-type=\"widget\" data-widget_type=\"text-editor.default\">\n\t\t\t\t\t\t\t\t\t<p>Ce brevet \u00e9tait uniquement ouvert aux Surveillants de Bassin<\/p><ul><li>\u00c9preuves pratiques : Effectuer une d\u00e9monstration des diff\u00e9rents styles de nages. Ex\u00e9cuter un plongeon de 5 m\u00e8tres avec et sans \u00e9lan.<\/li><li>\u00c9preuves orales : Enseignement des diff\u00e9rentes nages. Connaissance des codes des courses. Water polo, plongeons, sauvetage, etc..<\/li><\/ul><p>En 1930, la FFNS continuait \u00e0 organiser ses propres dipl\u00f4mes, alors que la FNS de son c\u00f4t\u00e9 proposait elle aussi ses formations comme :<\/p>\t\t\t\t\t\t\t\t<\/div>\n\t\t\t\t\t<\/div>\n\t\t\t\t<\/div>\n\t\t<div class=\"elementor-element elementor-element-5f98579 e-flex e-con-boxed e-con e-parent\" data-id=\"5f98579\" data-element_type=\"container\" data-e-type=\"container\">\n\t\t\t\t\t<div class=\"e-con-inner\">\n\t\t\t\t<div class=\"elementor-element elementor-element-e76e1d3 elementor-widget elementor-widget-heading\" data-id=\"e76e1d3\" data-element_type=\"widget\" data-e-type=\"widget\" data-widget_type=\"heading.default\">\n\t\t\t\t\t<h3 class=\"elementor-heading-title elementor-size-default\">Le brevet de sauveteur marinier<\/h3>\t\t\t\t<\/div>\n\t\t\t\t<div class=\"elementor-element elementor-element-d892dec elementor-widget elementor-widget-text-editor\" data-id=\"d892dec\" data-element_type=\"widget\" data-e-type=\"widget\" data-widget_type=\"text-editor.default\">\n\t\t\t\t\t\t\t\t\t<p>Les \u00e9preuves consistaient :<\/p><ul><li>\u00c0 une partie pratique comprenant la man\u0153uvre d&rsquo;une embarcation \u00e0 la rame, la godille et \u00e0 la perche. \u00c0 proc\u00e9der au sauvetage d&rsquo;un homme en flottaison, et \u00e0 la recherche d&rsquo;un homme au fond de l&rsquo;eau avec l&rsquo;aide d&rsquo;une gaffe et d&rsquo;un grappin. Enfin effectuer le lancement d\u2019un cordage avec une bou\u00e9e.<\/li><li>\u00c0 une \u00e9preuve orale ou il fallait citer les mesures \u00e0 prendre dans les courants, les passages de pont, les accostages et les soins \u00e0 donner aux noy\u00e9s&#8230; Tous les concurrents \u00e0 ce brevet devaient \u00eatre au minimum en possession du brevet de nageur, qui consistait \u00e0 un par cours de 100m en eau profonde.<\/li><\/ul>\t\t\t\t\t\t\t\t<\/div>\n\t\t\t\t\t<\/div>\n\t\t\t\t<\/div>\n\t\t<div class=\"elementor-element elementor-element-9edb062 e-flex e-con-boxed e-con e-parent\" data-id=\"9edb062\" data-element_type=\"container\" data-e-type=\"container\">\n\t\t\t\t\t<div class=\"e-con-inner\">\n\t\t\t\t<div class=\"elementor-element elementor-element-f98f688 elementor-widget elementor-widget-heading\" data-id=\"f98f688\" data-element_type=\"widget\" data-e-type=\"widget\" data-widget_type=\"heading.default\">\n\t\t\t\t\t<h3 class=\"elementor-heading-title elementor-size-default\">Le brevet d'ambulancier<\/h3>\t\t\t\t<\/div>\n\t\t\t\t<div class=\"elementor-element elementor-element-eee00ae elementor-widget elementor-widget-text-editor\" data-id=\"eee00ae\" data-element_type=\"widget\" data-e-type=\"widget\" data-widget_type=\"text-editor.default\">\n\t\t\t\t\t\t\t\t\t<p>Celui-ci comportait une \u00e9preuve orale et pratique sur les 1\u1d49\u02b3\u02e2 soins en attendant l&rsquo;arriv\u00e9e du m\u00e9decin. LE BREVET DE SAUVETEUR AMBULANCIER &#8211; Une \u00e9preuve orale et pratique portant sur le sauvetage dans les incendies, accidents dans les puits et fosses, rupture de glace, accident de voie publique, animaux dangereux, &#8230;<\/p>\t\t\t\t\t\t\t\t<\/div>\n\t\t\t\t\t<\/div>\n\t\t\t\t<\/div>\n\t\t<div class=\"elementor-element elementor-element-0ca12c1 e-flex e-con-boxed e-con e-parent\" data-id=\"0ca12c1\" data-element_type=\"container\" data-e-type=\"container\">\n\t\t\t\t\t<div class=\"e-con-inner\">\n\t\t\t\t<div class=\"elementor-element elementor-element-ac2ec6b elementor-widget elementor-widget-heading\" data-id=\"ac2ec6b\" data-element_type=\"widget\" data-e-type=\"widget\" data-widget_type=\"heading.default\">\n\t\t\t\t\t<h3 class=\"elementor-heading-title elementor-size-default\">Le brevet de sauveteur complet<\/h3>\t\t\t\t<\/div>\n\t\t\t\t<div class=\"elementor-element elementor-element-0c50e8c elementor-widget elementor-widget-text-editor\" data-id=\"0c50e8c\" data-element_type=\"widget\" data-e-type=\"widget\" data-widget_type=\"text-editor.default\">\n\t\t\t\t\t\t\t\t\t<p>Il \u00e9tait d\u00e9livr\u00e9 au candidat ayant obtenu, le brevet d&rsquo;ambulancier, de sauveteur ambulancier, et de sauveteur marinier. <br \/>Dans une circulaire du 28 juin 1928, sign\u00e9e par le ministre DARLAN, le personnel de la Marine est autoris\u00e9 \u00e0 prendre part \u00e0 l&rsquo;organisation des \u00e9preuves de la FNS, mais uniquement en dehors des heures de service. <br \/>La FNS continua \u00e0 faire la promotion des brevets de Ma\u00eetres Nageurs Marinier Surveillant, et l\u2019on retrouve encore des traces de ce dipl\u00f4me en 1935. Jusqu\u2019alors certains de ces brevets, permettaient donc d\u2019enseigner la natation. <br \/>Mais, le dipl\u00f4me le plus complet et le plus reconnu sera celui de l\u2019Association des Professeurs de Natation de France qui s\u2019est cr\u00e9\u00e9 en 1927. Cette nouvelle organisation s\u2019empressa de faire des propositions de r\u00e9novation des brevets de \u00ab Ma\u00eetres &#8211; Nageurs \u00bb et de \u00ab Sauveteurs Mariniers \u00bb institu\u00e9s par la FFNS et la FNS.<\/p><p>Les nouvelles \u00e9preuves de ce dipl\u00f4me consistaient \u00e0 :<\/p><ul><li>tenir une minute sous l\u2019eau<\/li><li>effectuer 33m sous l\u2019eau<\/li><li>rechercher et transporter un mannequin sur 20 m\u00e8tres<\/li><li>effectuer une d\u00e9monstration d\u2019over, de crawl, de brasse, de dos crawl\u00e9 et de trudgeon<\/li><li>donner des \u00e9l\u00e9ments sur l\u2019instruction des diff\u00e9rentes nages<\/li><li>dispenser les premiers soins<\/li><li>conduire une arque<\/li><li>lancer une bou\u00e9e<\/li><li>subir une \u00e9preuve orale<\/li><\/ul><p>Ce fut finalement apr\u00e8s la guerre, que l&rsquo;arr\u00eat\u00e9 du 31 juillet 1951 institua le Dipl\u00f4m\u00e9 d\u2019\u00c9tat de Ma\u00eetre Nageur Sauveteur et le pla\u00e7a ainsi sous le contr\u00f4le de l&rsquo;\u00c9ducation Nationale et du Minist\u00e8re de l&rsquo;Int\u00e9rieur.<\/p><p>Il comporta entre autres des nouveaut\u00e9s comme :<\/p><ul><li>Une \u00e9preuve \u00e9liminatoire avec un plongeon ordinaire libre de 3m suivi d&rsquo;un parcours en surface, d&rsquo;un plongeon dit en \u00ab\u00a0canard\u00a0\u00bb, de la recherche d&rsquo;un mannequin immerg\u00e9 par fond de 2m50 \u00e0 3m50.<\/li><li>Des \u00e9preuves non \u00e9liminatoires avec une d\u00e9monstration de brasse, dos crawl\u00e9, crawl, et plongeon simple<\/li><li>Et une \u00e9preuve de Secours aux noy\u00e9s avec interrogation th\u00e9orique et d\u00e9monstration pratique.<\/li><\/ul><p>En 1954, Mad PITET, alors secr\u00e9taire g\u00e9n\u00e9rale de la FNS, demanda s&rsquo;il \u00e9tait possible de donner aux MNS, le titre de Professeur de Natation, le Directeur G\u00e9n\u00e9ral de la Jeunesse et des Sports lui r\u00e9pondit d\u00e9favorablement pour limiter le risque de confusion.<\/p><p>Ce dipl\u00f4me sera compl\u00e8tement remani\u00e9 par d\u00e9cret le 20 octobre 1977 avant qu&rsquo;il ne se transforme en Brevet d&rsquo;\u00c9tat d&rsquo;\u00c9ducateur Sportif des Activit\u00e9s de la Natation en 1989.<\/p>\t\t\t\t\t\t\t\t<\/div>\n\t\t\t\t\t<\/div>\n\t\t\t\t<\/div>\n\t\t<div class=\"elementor-element elementor-element-7a7e9d3 e-flex e-con-boxed e-con e-parent\" data-id=\"7a7e9d3\" data-element_type=\"container\" data-e-type=\"container\">\n\t\t\t\t\t<div class=\"e-con-inner\">\n\t\t\t\t<div class=\"elementor-element elementor-element-eff3704 elementor-widget elementor-widget-heading\" data-id=\"eff3704\" data-element_type=\"widget\" data-e-type=\"widget\" data-widget_type=\"heading.default\">\n\t\t\t\t\t<h3 class=\"elementor-heading-title elementor-size-default\">La cr\u00e9ation d'une organisation syndicale<\/h3>\t\t\t\t<\/div>\n\t\t\t\t<div class=\"elementor-element elementor-element-53eaae6 elementor-widget elementor-widget-text-editor\" data-id=\"53eaae6\" data-element_type=\"widget\" data-e-type=\"widget\" data-widget_type=\"text-editor.default\">\n\t\t\t\t\t\t\t\t\t<p>En 1927, Pol POPULUS et Albert CLEMEN cr\u00e9ent l\u2019Association des Professeurs de Natation de France. Cette association s\u2019organisa ind\u00e9pendamment de la FFNS et de la FNS, tout en adh\u00e9rant \u00e0 la seconde. Syndicat de la profession, elle souhaita marquer sa diff\u00e9rence entre les deux f\u00e9d\u00e9rations en propageant une forme de pratique de la natation, et en d\u00e9fendant les droits des individus concern\u00e9s, tout en participant \u00e0 leur formation.<\/p><p>Elle se proposa de r\u00e9unir tous les professeurs de natation en France en vue :<\/p><ul><li>d\u2019\u00e9tudier en commun les probl\u00e8mes relatifs \u00e0 l\u2019\u00e9tablissement d\u2019une m\u00e9thode uniforme de l\u2019enseignement de la natation<\/li><li>de cr\u00e9er un organigramme susceptible, par son fonctionnement, de pourvoir d\u2019un emploi les professeurs disponibles de l\u2019association<\/li><li>de se mettre en liaison \u00e9troite avec les pouvoirs publics et propri\u00e9taires d\u2019\u00e9tablissements baln\u00e9aires, piscines ou autres \u00e9tablissements o\u00f9 s\u2019enseigne la natation.<\/li><li>de g\u00e9rer un organisme de propagande avec le concours du corps m\u00e9dical et des techniciens.<\/li><\/ul><p>Elle cr\u00e9a d\u2019ailleurs en 1933 une caisse de secours et de solidarit\u00e9. A la sortie de la seconde guerre mondiale, tr\u00e8s pr\u00e9cis\u00e9ment le 21 mai 1946, elle constitua un syndicat en son sein qui prit le nom de Syndicat National des Ma\u00eetres Nageurs Sauveteurs avant de devenir l\u2019actuelle F\u00e9d\u00e9ration Nationale des M\u00e9tiers de la Natation et du Sport.<\/p>\t\t\t\t\t\t\t\t<\/div>\n\t\t\t\t\t<\/div>\n\t\t\t\t<\/div>\n\t\t<div class=\"elementor-element elementor-element-ddd35b9 e-flex e-con-boxed e-con e-parent\" data-id=\"ddd35b9\" data-element_type=\"container\" data-e-type=\"container\">\n\t\t\t\t\t<div class=\"e-con-inner\">\n\t\t\t\t\t<\/div>\n\t\t\t\t<\/div>\n\t\t\t\t<\/div>\n\t\t","protected":false},"excerpt":{"rendered":"<p>La F\u00e9d\u00e9ration &#8211; Historique La diffusion de la natation \u00e0 travers ces divers champs fut propice \u00e0 la cr\u00e9ation et l\u2019organisation de la profession de Ma\u00eetre Nageur Sauveteur. Les ann\u00e9es 1900 \u00e0 1920 permirent dans un premier temps \u00e0 cette profession de jouer un r\u00f4le essentiel dans le domaine du sauvetage et de la surveillance&#8230;<\/p>\n","protected":false},"author":1,"featured_media":0,"parent":1015,"menu_order":4,"comment_status":"closed","ping_status":"closed","template":"","meta":{"_kad_post_transparent":"","_kad_post_title":"hide","_kad_post_layout":"fullwidth","_kad_post_sidebar_id":"","_kad_post_content_style":"unboxed","_kad_post_vertical_padding":"hide","_kad_post_feature":"hide","_kad_post_feature_position":"","_kad_post_header":false,"_kad_post_footer":false,"footnotes":""},"class_list":["post-921","page","type-page","status-publish","hentry"],"_links":{"self":[{"href":"https:\/\/website.fnmns.dev.streamlor.io\/index.php\/wp-json\/wp\/v2\/pages\/921","targetHints":{"allow":["GET"]}}],"collection":[{"href":"https:\/\/website.fnmns.dev.streamlor.io\/index.php\/wp-json\/wp\/v2\/pages"}],"about":[{"href":"https:\/\/website.fnmns.dev.streamlor.io\/index.php\/wp-json\/wp\/v2\/types\/page"}],"author":[{"embeddable":true,"href":"https:\/\/website.fnmns.dev.streamlor.io\/index.php\/wp-json\/wp\/v2\/users\/1"}],"replies":[{"embeddable":true,"href":"https:\/\/website.fnmns.dev.streamlor.io\/index.php\/wp-json\/wp\/v2\/comments?post=921"}],"version-history":[{"count":91,"href":"https:\/\/website.fnmns.dev.streamlor.io\/index.php\/wp-json\/wp\/v2\/pages\/921\/revisions"}],"predecessor-version":[{"id":3212,"href":"https:\/\/website.fnmns.dev.streamlor.io\/index.php\/wp-json\/wp\/v2\/pages\/921\/revisions\/3212"}],"up":[{"embeddable":true,"href":"https:\/\/website.fnmns.dev.streamlor.io\/index.php\/wp-json\/wp\/v2\/pages\/1015"}],"wp:attachment":[{"href":"https:\/\/website.fnmns.dev.streamlor.io\/index.php\/wp-json\/wp\/v2\/media?parent=921"}],"curies":[{"name":"wp","href":"https:\/\/api.w.org\/{rel}","templated":true}]}}