{"id":956,"date":"2026-03-12T13:46:15","date_gmt":"2026-03-12T12:46:15","guid":{"rendered":"https:\/\/website.fnmns.dev.streamlor.io\/?page_id=956"},"modified":"2026-03-25T11:14:36","modified_gmt":"2026-03-25T10:14:36","slug":"formations-aux-metiers-du-sport","status":"publish","type":"page","link":"https:\/\/website.fnmns.dev.streamlor.io\/index.php\/formations\/formations-aux-metiers-du-sport\/","title":{"rendered":"Formations aux m\u00e9tiers du sport"},"content":{"rendered":"\t\t<div data-elementor-type=\"wp-page\" data-elementor-id=\"956\" class=\"elementor elementor-956\" data-elementor-post-type=\"page\">\n\t\t\t\t\t\t<section class=\"elementor-section elementor-top-section elementor-element elementor-element-17c9799b elementor-section-boxed elementor-section-height-default elementor-section-height-default\" data-id=\"17c9799b\" data-element_type=\"section\" data-e-type=\"section\">\n\t\t\t\t\t\t<div class=\"elementor-container elementor-column-gap-wider\">\n\t\t\t\t\t<div class=\"elementor-column elementor-col-100 elementor-top-column elementor-element elementor-element-68d2329e\" data-id=\"68d2329e\" data-element_type=\"column\" data-e-type=\"column\">\n\t\t\t<div class=\"elementor-widget-wrap elementor-element-populated\">\n\t\t\t\t\t\t<div class=\"elementor-element elementor-element-5c429aaa elementor-widget elementor-widget-heading\" data-id=\"5c429aaa\" data-element_type=\"widget\" data-e-type=\"widget\" data-widget_type=\"heading.default\">\n\t\t\t\t\t<h1 class=\"elementor-heading-title elementor-size-default\">Formations aux m\u00e9tiers du sport<\/h1>\t\t\t\t<\/div>\n\t\t\t\t<div class=\"elementor-element elementor-element-6065fd75 elementor-widget-divider--view-line elementor-widget elementor-widget-divider\" data-id=\"6065fd75\" data-element_type=\"widget\" data-e-type=\"widget\" data-widget_type=\"divider.default\">\n\t\t\t\t\t\t\t<div class=\"elementor-divider\">\n\t\t\t<span class=\"elementor-divider-separator\">\n\t\t\t\t\t\t<\/span>\n\t\t<\/div>\n\t\t\t\t\t\t<\/div>\n\t\t\t\t\t<\/div>\n\t\t<\/div>\n\t\t\t\t\t<\/div>\n\t\t<\/section>\n\t\t<div class=\"elementor-element elementor-element-614e0c41 e-flex e-con-boxed e-con e-parent\" data-id=\"614e0c41\" data-element_type=\"container\" data-e-type=\"container\">\n\t\t\t\t\t<div class=\"e-con-inner\">\n\t\t<div class=\"elementor-element elementor-element-5cad417d e-con-full e-flex e-con e-child\" data-id=\"5cad417d\" data-element_type=\"container\" data-e-type=\"container\">\n\t\t<div class=\"elementor-element elementor-element-7ed767b7 e-con-full e-flex e-con e-child\" data-id=\"7ed767b7\" data-element_type=\"container\" data-e-type=\"container\">\n\t\t\t\t<div class=\"elementor-element elementor-element-7d88d098 elementor-widget elementor-widget-text-editor\" data-id=\"7d88d098\" data-element_type=\"widget\" data-e-type=\"widget\" data-widget_type=\"text-editor.default\">\n\t\t\t\t\t\t\t\t\t<p>La FNMNS dispense des formations en vue de l&rsquo;obtention du Brevet Professionnel de la Jeunesse, de l\u2019Education Populaire et du Sport (BPJEPS).<\/p>\t\t\t\t\t\t\t\t<\/div>\n\t\t\t\t<\/div>\n\t\t\t\t<\/div>\n\t\t\t\t\t<\/div>\n\t\t\t\t<\/div>\n\t\t<div class=\"elementor-element elementor-element-1c879b5a e-flex e-con-boxed e-con e-parent\" data-id=\"1c879b5a\" data-element_type=\"container\" data-e-type=\"container\">\n\t\t\t\t\t<div class=\"e-con-inner\">\n\t\t\t\t<div class=\"elementor-element elementor-element-2898e3f8 elementor-widget elementor-widget-heading\" data-id=\"2898e3f8\" data-element_type=\"widget\" data-e-type=\"widget\" data-widget_type=\"heading.default\">\n\t\t\t\t\t<h2 class=\"elementor-heading-title elementor-size-default\">\u00c9ducateur sportif - Brevet Professionnel de la Jeunesse, de l\u2019\u00c9ducation Populaire et du Sport - BPJEPS <\/h2>\t\t\t\t<\/div>\n\t\t\t\t<div class=\"elementor-element elementor-element-cfc0f58 elementor-widget elementor-widget-text-editor\" data-id=\"cfc0f58\" data-element_type=\"widget\" data-e-type=\"widget\" data-widget_type=\"text-editor.default\">\n\t\t\t\t\t\t\t\t\t<p>Le Brevet Professionnel de la jeunesse, de l\u2019\u00e9ducation populaire et du sport (BPJEPS) est un dipl\u00f4me de niveau IV cr\u00e9\u00e9 en 2001. <br \/>Dans le domaine sportif, il a remplac\u00e9 le Brevet d&rsquo;\u00c9tat d&rsquo;\u00e9ducateur sportif. Il atteste de la possession des comp\u00e9tences professionnelles indispensables \u00e0 l\u2019exercice du m\u00e9tier d\u2019animateur, de moniteur, d\u2019\u00e9ducateur sportif.<br \/><br \/>Exemples de sp\u00e9cialit\u00e9s :<\/p><ul><li>Activit\u00e9s gymniques de la forme et de la force -&gt; professeur de fitness, \u00e9ducateur en gymnastique<\/li><li>Activit\u00e9s physiques pour tous -&gt; animateur d\u2019activit\u00e9s physiques, \u00e9ducateur sportif plurivalent.<\/li><\/ul>\t\t\t\t\t\t\t\t<\/div>\n\t\t\t\t<div class=\"elementor-element elementor-element-7f19f37 elementor-widget elementor-widget-responsive_table\" data-id=\"7f19f37\" data-element_type=\"widget\" data-e-type=\"widget\" data-widget_type=\"responsive_table.default\">\n\t\t\t\t<div class=\"elementor-widget-container\">\n\t\t\t\t\t<div class=\"ert-responsive-table-wrapper\"><h3 class=\"ert-table-title\">Ann\u00e9e 2025<\/h3><div class=\"ert-table-container\"><table class=\"ert-table ert-borders\"><thead><tr class=\"ert-title-row\"><th scope=\"col\">Taux d\u2019obtention de certification sur les candidats pr\u00e9sent\u00e9s<\/th><th scope=\"col\">Taux d\u2019emploi global<\/th><th scope=\"col\">Taux d\u2019emploi dans le m\u00e9tier vis\u00e9 par la formation<\/th><\/tr><\/thead><tbody><tr><th scope=\"row\" data-label=\"Taux d\u2019obtention de certification sur les candidats pr\u00e9sent\u00e9s\">7 sur 9 valid\u00e9s<\/th><td data-label=\"Taux d\u2019emploi global\">100%<\/td><td data-label=\"Taux d\u2019emploi dans le m\u00e9tier vis\u00e9 par la formation\">100%<\/td><\/tr><\/tbody><\/table><\/div><\/div>\t\t\t\t<\/div>\n\t\t\t\t<\/div>\n\t\t\t\t\t<\/div>\n\t\t\t\t<\/div>\n\t\t<div class=\"elementor-element elementor-element-33387b76 e-flex e-con-boxed e-con e-parent\" data-id=\"33387b76\" data-element_type=\"container\" data-e-type=\"container\">\n\t\t\t\t\t<div class=\"e-con-inner\">\n\t\t\t\t<div class=\"elementor-element elementor-element-445f1408 elementor-widget elementor-widget-heading\" data-id=\"445f1408\" data-element_type=\"widget\" data-e-type=\"widget\" data-widget_type=\"heading.default\">\n\t\t\t\t\t<h2 class=\"elementor-heading-title elementor-size-default\"> Fichiers inscription BP JEPS AAN Lorraine<\/h2>\t\t\t\t<\/div>\n\t\t\t\t<div class=\"elementor-element elementor-element-312c6c55 elementor-widget elementor-widget-text-editor\" data-id=\"312c6c55\" data-element_type=\"widget\" data-e-type=\"widget\" data-widget_type=\"text-editor.default\">\n\t\t\t\t\t\t\t\t\t<p style=\"text-align: left;\">Se rendre dans la rubrique <span style=\"text-decoration: underline;\"><a href=\"https:\/\/website.fnmns.dev.streamlor.io\/index.php\/formations\/formations-aux-metiers-de-la-natation\/\">formation aux m\u00e9tiers de la natation<\/a><\/span><\/p>\t\t\t\t\t\t\t\t<\/div>\n\t\t\t\t\t<\/div>\n\t\t\t\t<\/div>\n\t\t<div class=\"elementor-element elementor-element-4b15fbc2 e-flex e-con-boxed e-con e-parent\" data-id=\"4b15fbc2\" data-element_type=\"container\" data-e-type=\"container\">\n\t\t\t\t\t<div class=\"e-con-inner\">\n\t\t\t\t\t<\/div>\n\t\t\t\t<\/div>\n\t\t\t\t<\/div>\n\t\t","protected":false},"excerpt":{"rendered":"<p>Formations aux m\u00e9tiers du sport La FNMNS dispense des formations en vue de l&rsquo;obtention du Brevet Professionnel de la Jeunesse, de l\u2019Education Populaire et du Sport (BPJEPS). \u00c9ducateur sportif &#8211; Brevet Professionnel de la Jeunesse, de l\u2019\u00c9ducation Populaire et du Sport &#8211; BPJEPS Le Brevet Professionnel de la jeunesse, de l\u2019\u00e9ducation populaire et du sport&#8230;<\/p>\n","protected":false},"author":1,"featured_media":0,"parent":938,"menu_order":17,"comment_status":"closed","ping_status":"closed","template":"","meta":{"_kad_post_transparent":"","_kad_post_title":"hide","_kad_post_layout":"fullwidth","_kad_post_sidebar_id":"","_kad_post_content_style":"unboxed","_kad_post_vertical_padding":"hide","_kad_post_feature":"hide","_kad_post_feature_position":"","_kad_post_header":false,"_kad_post_footer":false,"footnotes":""},"class_list":["post-956","page","type-page","status-publish","hentry"],"_links":{"self":[{"href":"https:\/\/website.fnmns.dev.streamlor.io\/index.php\/wp-json\/wp\/v2\/pages\/956","targetHints":{"allow":["GET"]}}],"collection":[{"href":"https:\/\/website.fnmns.dev.streamlor.io\/index.php\/wp-json\/wp\/v2\/pages"}],"about":[{"href":"https:\/\/website.fnmns.dev.streamlor.io\/index.php\/wp-json\/wp\/v2\/types\/page"}],"author":[{"embeddable":true,"href":"https:\/\/website.fnmns.dev.streamlor.io\/index.php\/wp-json\/wp\/v2\/users\/1"}],"replies":[{"embeddable":true,"href":"https:\/\/website.fnmns.dev.streamlor.io\/index.php\/wp-json\/wp\/v2\/comments?post=956"}],"version-history":[{"count":28,"href":"https:\/\/website.fnmns.dev.streamlor.io\/index.php\/wp-json\/wp\/v2\/pages\/956\/revisions"}],"predecessor-version":[{"id":3566,"href":"https:\/\/website.fnmns.dev.streamlor.io\/index.php\/wp-json\/wp\/v2\/pages\/956\/revisions\/3566"}],"up":[{"embeddable":true,"href":"https:\/\/website.fnmns.dev.streamlor.io\/index.php\/wp-json\/wp\/v2\/pages\/938"}],"wp:attachment":[{"href":"https:\/\/website.fnmns.dev.streamlor.io\/index.php\/wp-json\/wp\/v2\/media?parent=956"}],"curies":[{"name":"wp","href":"https:\/\/api.w.org\/{rel}","templated":true}]}}