{"id":962,"date":"2026-03-12T13:47:00","date_gmt":"2026-03-12T12:47:00","guid":{"rendered":"https:\/\/website.fnmns.dev.streamlor.io\/?page_id=962"},"modified":"2026-03-23T16:42:30","modified_gmt":"2026-03-23T15:42:30","slug":"ecole-de-natation-francaise","status":"publish","type":"page","link":"https:\/\/website.fnmns.dev.streamlor.io\/index.php\/formations\/ecole-de-natation-francaise\/","title":{"rendered":"Ecole de Natation Fran\u00e7aise"},"content":{"rendered":"\t\t<div data-elementor-type=\"wp-page\" data-elementor-id=\"962\" class=\"elementor elementor-962\" data-elementor-post-type=\"page\">\n\t\t\t\t\t\t<section class=\"elementor-section elementor-top-section elementor-element elementor-element-472c00b8 elementor-section-boxed elementor-section-height-default elementor-section-height-default\" data-id=\"472c00b8\" data-element_type=\"section\" data-e-type=\"section\">\n\t\t\t\t\t\t<div class=\"elementor-container elementor-column-gap-wider\">\n\t\t\t\t\t<div class=\"elementor-column elementor-col-100 elementor-top-column elementor-element elementor-element-3e63b05e\" data-id=\"3e63b05e\" data-element_type=\"column\" data-e-type=\"column\">\n\t\t\t<div class=\"elementor-widget-wrap elementor-element-populated\">\n\t\t\t\t\t\t<div class=\"elementor-element elementor-element-5cd9d3 elementor-widget elementor-widget-heading\" data-id=\"5cd9d3\" data-element_type=\"widget\" data-e-type=\"widget\" data-widget_type=\"heading.default\">\n\t\t\t\t\t<h1 class=\"elementor-heading-title elementor-size-default\">Ecole de Natation Fran\u00e7aise<\/h1>\t\t\t\t<\/div>\n\t\t\t\t<div class=\"elementor-element elementor-element-2d65636f elementor-widget-divider--view-line elementor-widget elementor-widget-divider\" data-id=\"2d65636f\" data-element_type=\"widget\" data-e-type=\"widget\" data-widget_type=\"divider.default\">\n\t\t\t\t\t\t\t<div class=\"elementor-divider\">\n\t\t\t<span class=\"elementor-divider-separator\">\n\t\t\t\t\t\t<\/span>\n\t\t<\/div>\n\t\t\t\t\t\t<\/div>\n\t\t\t\t\t<\/div>\n\t\t<\/div>\n\t\t\t\t\t<\/div>\n\t\t<\/section>\n\t\t<div class=\"elementor-element elementor-element-182b9f8d e-flex e-con-boxed e-con e-parent\" data-id=\"182b9f8d\" data-element_type=\"container\" data-e-type=\"container\">\n\t\t\t\t\t<div class=\"e-con-inner\">\n\t\t\t\t<div class=\"elementor-element elementor-element-7ad201ac elementor-widget elementor-widget-text-editor\" data-id=\"7ad201ac\" data-element_type=\"widget\" data-e-type=\"widget\" data-widget_type=\"text-editor.default\">\n\t\t\t\t\t\t\t\t\t<p>Les d\u00e9l\u00e9gations r\u00e9gionales de la FNMNS organisent ponctuellement des formations Sauv\u2019Nage, Pass\u2019sports de l\u2019Eau et Pass\u2019comp\u00e9tition.<\/p>\t\t\t\t\t\t\t\t<\/div>\n\t\t\t\t<div class=\"elementor-element elementor-element-6f1e161 elementor-widget elementor-widget-text-editor\" data-id=\"6f1e161\" data-element_type=\"widget\" data-e-type=\"widget\" data-widget_type=\"text-editor.default\">\n\t\t\t\t\t\t\t\t\t<p>Les titulaires du BNSSA, du BEESAN, BPAAN ou ETAPS peuvent d\u00e9livrer les tests de l\u2019Ecole de Natation Fran\u00e7aise et devenir \u00e9valuateur. Ces tests nomm\u00e9s Sauv\u2019Nage, Pass\u2019sports de l\u2019Eau et Pass\u2019comp\u00e9tition sont dor\u00e9navant les tests de r\u00e9f\u00e9rence pour tous les pratiquants aquatiques enfants ou adultes. Les d\u00e9l\u00e9gations r\u00e9gionales de la FNMNS organisent ponctuellement ce type de formation.<\/p><p><a href=\"https:\/\/website.fnmns.dev.streamlor.io\/index.php\/la-federation\/conseils-federaux-regionaux\/\"><span style=\"text-decoration: underline;\">Entrez en contact avec votre d\u00e9l\u00e9gu\u00e9 r\u00e9gional.<\/span><\/a><\/p>\t\t\t\t\t\t\t\t<\/div>\n\t\t\t\t\t<\/div>\n\t\t\t\t<\/div>\n\t\t\t\t<\/div>\n\t\t","protected":false},"excerpt":{"rendered":"<p>Ecole de Natation Fran\u00e7aise Les d\u00e9l\u00e9gations r\u00e9gionales de la FNMNS organisent ponctuellement des formations Sauv\u2019Nage, Pass\u2019sports de l\u2019Eau et Pass\u2019comp\u00e9tition. Les titulaires du BNSSA, du BEESAN, BPAAN ou ETAPS peuvent d\u00e9livrer les tests de l\u2019Ecole de Natation Fran\u00e7aise et devenir \u00e9valuateur. Ces tests nomm\u00e9s Sauv\u2019Nage, Pass\u2019sports de l\u2019Eau et Pass\u2019comp\u00e9tition sont dor\u00e9navant les tests de&#8230;<\/p>\n","protected":false},"author":1,"featured_media":0,"parent":938,"menu_order":20,"comment_status":"closed","ping_status":"closed","template":"","meta":{"_kad_post_transparent":"","_kad_post_title":"hide","_kad_post_layout":"fullwidth","_kad_post_sidebar_id":"","_kad_post_content_style":"unboxed","_kad_post_vertical_padding":"hide","_kad_post_feature":"hide","_kad_post_feature_position":"","_kad_post_header":false,"_kad_post_footer":false,"footnotes":""},"class_list":["post-962","page","type-page","status-publish","hentry"],"_links":{"self":[{"href":"https:\/\/website.fnmns.dev.streamlor.io\/index.php\/wp-json\/wp\/v2\/pages\/962","targetHints":{"allow":["GET"]}}],"collection":[{"href":"https:\/\/website.fnmns.dev.streamlor.io\/index.php\/wp-json\/wp\/v2\/pages"}],"about":[{"href":"https:\/\/website.fnmns.dev.streamlor.io\/index.php\/wp-json\/wp\/v2\/types\/page"}],"author":[{"embeddable":true,"href":"https:\/\/website.fnmns.dev.streamlor.io\/index.php\/wp-json\/wp\/v2\/users\/1"}],"replies":[{"embeddable":true,"href":"https:\/\/website.fnmns.dev.streamlor.io\/index.php\/wp-json\/wp\/v2\/comments?post=962"}],"version-history":[{"count":13,"href":"https:\/\/website.fnmns.dev.streamlor.io\/index.php\/wp-json\/wp\/v2\/pages\/962\/revisions"}],"predecessor-version":[{"id":2708,"href":"https:\/\/website.fnmns.dev.streamlor.io\/index.php\/wp-json\/wp\/v2\/pages\/962\/revisions\/2708"}],"up":[{"embeddable":true,"href":"https:\/\/website.fnmns.dev.streamlor.io\/index.php\/wp-json\/wp\/v2\/pages\/938"}],"wp:attachment":[{"href":"https:\/\/website.fnmns.dev.streamlor.io\/index.php\/wp-json\/wp\/v2\/media?parent=962"}],"curies":[{"name":"wp","href":"https:\/\/api.w.org\/{rel}","templated":true}]}}